What is the remainder when 27 is divided by 6 - 2 - 5*(-6 - -5)?
0
Let h be ((-183)/4)/((-9)/24). Let u = h + -98. Calculate the remainder when 189 is divided by u.
21
Let x = -46 - -48. Suppose 4*w + x*t = 46, -3*w = -7*w + 5*t + 67. Calculate the remainder when w is divided by 5.
3
Suppose -3*t - 2 = 3*w - 11, 4*w - 4*t - 12 = 0. Suppose w*l + 144 = 3*v, 144 = 2*v + 2*l + 40. What is the remainder when v is divided by 19?
12
Suppose 6*y + 42 = 258. Suppose 4*o = 8*o - y. Calculate the remainder when o is divided by 3.
0
Let y = -27 + 29. Let i(l) = -l - 7. Let m be i(-7). Suppose m*u = y*u - 26. What is the remainder when u is divided by 7?
6
Suppose u - 6*p - 300 = -p, p - 318 = -u. Suppose -742 = -57*i + 43*i. What is the remainder when u is divided by i?
50
What is the remainder when (2/(-6)*-237)/1 is divided by (2/(-10)*3)/(20/(-700))?
16
Let o(j) = -5*j - 5. Let r be o(-3). Let c = r + -2. Let h = 66 + -36. What is the remainder when h is divided by c?
6
Suppose 267 = 6*s - 297. What is the remainder when 466 is divided by s?
90
Suppose -2*r = -2*j + 28, -2*j - 5*r = -j - 32. What is the remainder when (6/30 - -1)*70 is divided by j?
16
Let l = 452 + -186. Calculate the remainder when l is divided by 67.
65
Let b = 5 + 1. Suppose -7 = y + 3. Let u(w) = -2*w + 2. Calculate the remainder when u(y) is divided by b.
4
Let j(i) = -i + 4. Let u be j(2). Suppose 4*p + 4*h - 356 = -0*p, -196 = -u*p + 4*h. What is the remainder when p is divided by 24?
20
Let a = -1186 - -1808. Calculate the remainder when a is divided by 26.
24
Let o be -4 + 4 + -2 - -12. Suppose -q - 4*q - 24 = -3*m, -q - 2*m = o. Let b(z) = z + 16. Calculate the remainder when 36 is divided by b(q).
6
Let t(j) = -j + 15. Let o be t(10). Let h = -1 + o. Suppose -2*u - u = 4*p - 161, 5*u = -h*p + 255. What is the remainder when u is divided by 12?
11
Calculate the remainder when 96 is divided by 22 + 3/(-12)*-16.
18
Suppose -470*n = -465*n - 900. What is the remainder when n is divided by 16?
4
Calculate the remainder when 2*(459/(-10))/(42/(-70)) is divided by 65.
23
Suppose -3*a - 341 = 10*g - 5*g, 5*a = 2*g + 124. Let d = g + 77. What is the remainder when 66 is divided by d?
6
Suppose -8*b - 65 = -169. Let j = 20 - b. What is the remainder when j is divided by 6?
1
Suppose 22 = -8*n - 18. What is the remainder when (n/((-20)/(-256)))/(-1) is divided by 17?
13
Let w = -298 - -306. Calculate the remainder when 31 is divided by w.
7
Let m = 19 + 39. Suppose 61 = -14*a + 271. Calculate the remainder when m is divided by a.
13
Let y = 3 + 113. Calculate the remainder when y is divided by 11.
6
Calculate the remainder when 40 is divided by ((-10)/8 + 1)/((-141)/11844).
19
Let s be (-1 - (-32)/12)*6. Let m = s + -5. What is the remainder when 12 is divided by m?
2
Let z = -118 + 145. What is the remainder when z is divided by 8?
3
Let i(x) = -x**2 - 16*x - 18. Let a be i(-14). Suppose 8*q - a*q - 12 = 0. What is the remainder when (-44)/(-6)*q/(-4) is divided by 4?
3
Let t be 5 - 3 - (-1 - -2). Let l be 6/9*1*(-27)/(-6). Suppose l*o + t = 16. What is the remainder when 16 is divided by o?
1
Let f = 35 + 5. Suppose -57 = -5*y - q + 2*q, 37 = 3*y - 2*q. What is the remainder when f is divided by y?
7
Let o(f) be the first derivative of f**3/3 - 3*f**2/2 - f + 14. What is the remainder when 47 is divided by o(-3)?
13
Let l be (16/(-24))/((-4)/90). Calculate the remainder when (-2)/(-5) + 1749/l is divided by (3 - 28)*12/(-10).
27
Let c = -207 + 254. Calculate the remainder when c is divided by 5.
2
Let c = -47 + 68. Let q = -348 + 527. Suppose 2*s - q + 15 = 0. Calculate the remainder when s is divided by c.
19
Let s(p) = 23 - 8 + 6*p + p**2 - 16. Let d be s(-5). What is the remainder when d/(-4)*688/12 is divided by 22?
20
Let d = -613 + 722. What is the remainder when d is divided by 55?
54
Suppose 294 - 73 = 17*d. Let m = -2 - -26. What is the remainder when m is divided by d?
11
Let a be ((-44)/6)/((-2)/(-9)). Let r(x) = -x**2 - 27*x - 31. Calculate the remainder when r(-24) is divided by (-1)/(-3)*a/(-1).
8
Let i(z) = -2*z**2 + 16*z + 15. What is the remainder when 462 is divided by i(7)?
27
Suppose 11*b + 102 = 12*b. What is the remainder when b is divided by 44?
14
Suppose 103 = 4*z - 301. Let b = 105 - z. What is the remainder when 15 is divided by b?
3
Suppose 6*z + 18 = 54. Let s = 26 + 3. Calculate the remainder when s is divided by z.
5
Let w = -1128 - -1314. What is the remainder when w is divided by 9?
6
Let n = 155 + -96. Suppose -48 = -4*b + 48. What is the remainder when n is divided by b/(-2)*(-50)/40?
14
Let r(b) = b**3 + 9*b**2 - 14*b + 3. Suppose 20 - 5 = 5*z. Calculate the remainder when r(-10) is divided by 1/z + (-192)/(-18).
10
Let w be (-104)/(-16) + (-6)/4. Let o(f) = -f**2 + 6*f - 4. Let t be o(w). What is the remainder when 38 is divided by (-132)/(-10) + t/(-5)?
12
Let d(g) be the third derivative of 5*g**4/24 - 7*g**3/2 + 11*g**2. Let h be d(6). Let n = h - -25. What is the remainder when n is divided by 19?
15
Suppose 433*d + 2061 = 442*d. What is the remainder when d is divided by 23?
22
Suppose -4*x - 2*q = -0*q + 28, -q - 32 = 5*x. Let f(v) = v**2 - 3*v - 9. Let n(r) = 98*r - 474. What is the remainder when f(x) is divided by n(5)?
13
Let h(s) = -24*s + 209. What is the remainder when 610 is divided by h(8)?
15
Suppose 595 = -10*v + 15*v. Let x be (-3)/(-9) - (-368)/(-6). Let n = v + x. Calculate the remainder when n is divided by 15.
13
Let a = -2000 + 2697. Calculate the remainder when a is divided by 14.
11
Let k(z) = -4*z - 3. Let h(q) = 8*q + 6. Let b(a) = 6*h(a) + 13*k(a). Calculate the remainder when 24 is divided by b(-2).
4
Let r = 408 + -375. Suppose -209 = 4*b - 593. Calculate the remainder when b is divided by r.
30
Let q = -50 + 144. Calculate the remainder when 457 is divided by q.
81
Let a be 3*1 + 5/5. Suppose l + 3*l = a. Calculate the remainder when (1 - -40) + (-1)/l is divided by 14.
12
Let n(o) = o**2 - 1. Let u be n(1). Suppose -l + 23 - 3 = u. Let k = 22 - -35. What is the remainder when k is divided by l?
17
Let u be (-1)/3 - 13/((-156)/40). Suppose -2*r - 5 = -2*h - 21, -r - 12 = 4*h. Calculate the remainder when 45/u*(-4)/(-10) is divided by r.
2
Let u = 21 + 0. What is the remainder when 52 is divided by u?
10
Suppose -3*m - 2*a = -107, 0 = -4*a + 4. Calculate the remainder when m is divided by 21.
14
Suppose 3*d + o + 15 = 69, -d + 22 = -o. Let y be (80/24)/(4/6). Suppose -5*s - 4*t + 267 = -0*s, -t + 273 = y*s. What is the remainder when s is divided by d?
17
Suppose -30 = -2*g + 32. Let b be (2/7)/((-17)/(-238)). What is the remainder when g is divided by (-280)/(-36) + b/18?
7
Let y = 1616 - 1608. What is the remainder when 341 is divided by y?
5
Suppose -w + 2*w = -3*g + 44, w - 5*g = 12. Calculate the remainder when w is divided by 12.
8
Let v = -18 - -31. Let w = -4869 - -4959. Calculate the remainder when w is divided by v.
12
Let p(m) = m**2 + 1 + 1 + 5 - 7*m. Let u be p(5). What is the remainder when 19 is divided by (2 - u)*(-14)/(-10)?
5
Let v be 4*-2*(-6)/(-16) + 5. Suppose -4*s = -5*q - 340, -v*s + 3*q + 438 = 3*s. What is the remainder when s is divided by 24?
18
Let n(b) = 2*b - 41. Let c be n(22). Let s = 14 - c. What is the remainder when 42 is divided by s?
9
Let r = 14 + -5. Let f = 3 - 7. Let u(j) = -8*j + 2. Calculate the remainder when u(f) is divided by r.
7
Let p = 41 + -37. What is the remainder when 104 is divided by -2 + 95/p - (-39)/(-52)?
20
Suppose h + p = 270, 11*p - 13*p + 815 = 3*h. What is the remainder when h is divided by 57?
47
Let p(y) = y**3 - 19*y**2 + 18*y + 2. Let r be p(18). Suppose 4*c - 11 = -n, -2*n - 7*c = -r*c - 22. What is the remainder when 14 is divided by n?
3
Let p(x) = x**2 + 2*x - 114. Calculate the remainder when 1/(-3) - 61/(-3) is divided by p(10).
2
Suppose 0 = 3*o + 12, -2*d + 4*o = -o - 26. What is the remainder when 14 is divided by d?
2
Let s = -12 - -14. Suppose -5*t = -2*h - 15, -s*h = -0*h. Calculate the remainder when (-54 - (1 - t))*-1 is divided by 27.
25
Suppose -2 = 3*s - 59. Suppose 5*m + 28 = 5*t - 27, 3*t + 4*m - s = 0. Calculate the remainder when 25 is divided by t.
7
Suppose 5*r + 0*y - 30 = -2*y, -2*y - 30 = -5*r. Suppose 2*h - r = 2. Supp